ose 4 + 11 = -5*g, 0 = -f*o - 5*g - 5. What are the prime factors of o?
2
Let n be (4/(-10))/((-2)/(-40)). List the prime factors of (7/(-14))/(2/n).
2
Let u(k) = -k**3 + 4*k**2 + k + 1. Let w(s) = -s + 12. Let r be w(9). Let a be u(r). Let h = a - -2. List the prime factors of h.
3, 5
List the prime factors of (-2)/(-4) - (-2 + 178/(-4)).
47
Let u(a) = a**3 + 5*a**2 + a - 4. List the prime factors of u(-3).
11
Let k(d) = -43*d + 3. List the prime factors of k(-1).
2, 23
List the prime factors of 5010/25 + ((-9)/15)/(-1).
3, 67
Suppose -4*g = -1 - 7. Suppose 0 = g*c - 12 + 4. List the prime factors of (-1 - -2)*(c + -2).
2
Let g be 1 + -3 - 28/2. List the prime factors of (33/44)/((-6)/g).
2
Suppose 88 = 2*t - 2*s, -3*t - 2*t = 5*s - 170. Suppose 0*h = -3*h + t. List the prime factors of h.
13
Let l be 5 + -3 + -3 + 1. Suppose -2*w - w + 2*p = -12, l = 5*w + 4*p + 2. What are the prime factors of w?
2
Let t(p) be the second derivative of -p**3/6 + 2*p**2 - 3*p. What are the prime factors of t(-4)?
2
Let t(b) = -5*b. Suppose 3*r - 2*r - 12 = 0. Let z be (6/4)/((-9)/r). List the prime factors of t(z).
2, 5
Let i(f) = -f + 6. Let v be i(5). Let x be v*2 + 2/(-1). Let q = 2 - x. What are the prime factors of q?
2
Let n(c) = -2*c. Suppose 0 = -0*p + 5*p + 20. Let r = -9 - p. What are the prime factors of n(r)?
2, 5
Let i(h) be the first derivative of h**3/3 - 3*h**2 - 5*h - 2. Let s be i(7). Suppose -s*y = -0 - 6. What are the prime factors of y?
3
Let y = -2 + 6. Suppose -3*j = -y*j + 5*u, 0 = 3*j - 5*u - 20. What are the prime factors of j?
2, 5
Let s(v) = -7*v - 2. Let j be s(-4). What are the prime factors of j + -2 + (6 - 6)?
2, 3
Suppose 0 = -5*z - 2*c + 133, 2*z + 2*c - 23 - 35 = 0. What are the prime factors of z?
5
Suppose -130 = -4*v + 38. List the prime factors of v.
2, 3, 7
Let g(n) = -2*n**2 - 8*n - 4. Let d be g(-5). List the prime factors of (8/4)/(-4)*d.
7
Let k be (-1 - 1)/((-2)/5). Suppose -5*o + 464 = -3*c, -k*o + 266 = -4*c - 201. Suppose 2*d - d - 15 = -l, -l + o = 5*d. What are the prime factors of d?
19
What are the prime factors of (75/6)/(3/30) + -2?
3, 41
Let u = -114 + 271. What are the prime factors of u?
157
Let o(c) be the second derivative of c**5/20 + 7*c**4/12 - 3*c**3/2 - 3*c**2/2 + c. Let k be o(-8). Let a(y) = y + 7. List the prime factors of a(k).
2, 3
Let t(y) = 10*y + 2. Let h be t(-4). Let v = -14 - h. What are the prime factors of v?
2, 3
Suppose 3*w - 111 = -2*z, 4*z + 14 = w - 9. List the prime factors of w.
5, 7
Suppose 8*q - 35 = 3*q. Suppose -4*j - z - 5 = 0, 3*z - q*z - 20 = 5*j. Suppose 0 = -a + 8 - j. List the prime factors of a.
2
Let p be (27 + 3 - -4) + -1. Let r = p + -24. List the prime factors of r.
3
Let j be 2 + 1 + 4/2. Suppose -4*h = 2*o - 28, 0 = -j*o + h + 33 + 15. List the prime factors of o.
2, 5
Suppose -2110 = -12*i + 2*i. List the prime factors of i.
211
Let d = 16 + 21. List the prime factors of d.
37
Suppose 3*k - 5 = 25. List the prime factors of k.
2, 5
Let y = -1 - -3. Suppose 21 = 3*c + 2*i, -c - 4*i + 11 = -2*i. Suppose -y*a - z = 2*z - 23, -43 = -4*a - c*z. What are the prime factors of a?
7
Let u be (2 - (-6)/(-4))*10. Let d(a) be the third derivative of -a**5/60 + a**4/3 - a**3 + a**2. What are the prime factors of d(u)?
3
Suppose 5*o - 92 + 24 = -2*u, -3*u + 102 = 2*o. Let i = u - 23. List the prime factors of i.
11
Let f = -84 - -353. What are the prime factors of f?
269
Let v = 13 - 46. Suppose 0 = u + 7 - 53. Let f = u + v. List the prime factors of f.
13
Suppose -108 = 3*w - 7*w + 4*r, 2*r = 4*w - 118. List the prime factors of w.
2
Suppose 3*m - 2*m + 296 = 2*q, q - 3*m = 148. List the prime factors of q.
2, 37
Let s(n) = n - 6. Let g be s(11). Suppose 2*w = 5*w - g*t - 132, 2*t = -w + 33. List the prime factors of w.
3, 13
Suppose -j + 48 = 5*d, -d = 6*j - j - 24. Suppose -5*z = 2*q, z + 0*q = 2*q. Suppose -5*a + 31 + d = z. What are the prime factors of a?
2
Suppose -7 = 2*b - 17. Suppose -18 = -4*r - a, -b*r + 2*a = a - 18. List the prime factors of r.
2
Let x(j) = j**2 + 6*j + 3. Let y be x(-6). Let u be 1 + y + 8 + 0. Suppose k - 3*w = 15, u = -2*w + 4. List the prime factors of k.
3
List the prime factors of ((-78)/10 - -1)*-5.
2, 17
Suppose -4 = 4*s - 20. Suppose 14 = 3*p - o - s, 5*o = -15. List the prime factors of p.
5
Let l = 1 - -105. List the prime factors of l.
2, 53
Let j(y) = -y**3 + 11*y**2 - 8*y + 15. What are the prime factors of j(10)?
5, 7
Suppose 9 = 2*x + x. Let t be (-7)/(-3) + (-1)/x. Suppose -t*m = 2*m - 48. What are the prime factors of m?
2, 3
Suppose h + 4*u - 85 = 0, -h - 4*u = -8*u - 117. What are the prime factors of h?
101
List the prime factors of (-395)/(-10) - 9/(-6).
41
Suppose 5 = -b + 12. Let z be 0 - b/(7/(-40)). Let m = z + -29. What are the prime factors of m?
11
Let k = 365 + -258. Suppose 0 = 4*a + 261 + k. What are the prime factors of a/(-20) + (-2)/(-5)?
5
Suppose -p = 14 - 4. Let q be 18/(-10) + 2/p. What are the prime factors of q/2 + (-16)/(-1)?
3, 5
Suppose 5*r - 172 = 4*g, -2*g + g - 3*r = 60. Let f = g + 78. Suppose w = -w + f. List the prime factors of w.
3, 5
Let q(t) be the first derivative of 1 + 4*t + 5/2*t**2 - 1/3*t**3. What are the prime factors of q(4)?
2
Let m(s) = 2*s**2 + s + 4. Let d be m(4). Suppose -d - 24 = -4*h. What are the prime factors of h?
2
Let o = -1 + 13. List the prime factors of o.
2, 3
Suppose 3*l - 2*a = 2*a - 3, 2*a - 15 = -3*l. Let z(h) be the second derivative of h**3/3 - 2*h**2 + 3*h. List the prime factors of z(l).
2
Suppose -5*g + 219 = 5*x - 56, -4*g = -5*x - 202. List the prime factors of g.
53
Let y = 24 - 16. What are the prime factors of y?
2
Let t(q) = q**2 + 6*q - 6 + 0*q**2 + 3*q. Let y be t(-11). Suppose -8*m + 4*m = u + y, -9 = 4*u + 5*m. What are the prime factors of u?
2
Suppose -y + 40 = y. Let t = 46 - y. List the prime factors of t.
2, 13
Suppose 0 = -4*m - 1 + 17. List the prime factors of m.
2
List the prime factors of (-2 + -1)*(-16 - 11).
3
Suppose h + 4 = 14. Let m = h - 9. Let r(o) = 21*o**3 + o**2. What are the prime factors of r(m)?
2, 11
Let k(g) = g**3 - 11*g**2 + 19*g - 20. What are the prime factors of k(10)?
2, 5, 7
Let x(c) be the first derivative of 14*c**3/3 + c - 2. What are the prime factors of x(1)?
3, 5
Let b be (-6)/21 + 489/21. Suppose -3*n = -x + 16, -2*x + 0*x - 3*n + b = 0. What are the prime factors of x?
13
Suppose -53 - 227 = -2*x. What are the prime factors of x?
2, 5, 7
Let s(w) = -w**2 - 8*w + 1. Let t be s(-6). Let c = t - 5. List the prime factors of c.
2
Suppose 2*m - 12 = -2*m. Suppose -4*c = a - 10, 0 = -5*a + m*c + 2*c + 75. List the prime factors of a.
2, 7
Suppose -3*w + 1 = -5. Suppose 0*c + w*c = -q + 42, 0 = 5*q - 3*c - 145. What are the prime factors of q?
2
Suppose -5*a = 5*o + 5, -6 = 4*o - 2*a - 14. Let x(v) = -o - 8*v**2 + 0 - 2 - v**3 - v. List the prime factors of x(-8).
5
Suppose -4*b - 28 = -4*g, -b - 3*b + 8 = 2*g. What are the prime factors of 52/g - 10/15?
2
Suppose 6 = -7*o + 4*o. Let g be (-26)/6 + o/3. Let z = g - -9. What are the prime factors of z?
2
Let q be (7/(-2))/(14/(-28)). Let r(g) = -g**2 + 1. Let x be r(-1). List the prime factors of q - (0 + x)*1.
7
Let i = -303 - -543. What are the prime factors of i?
2, 3, 5
Let m(b) = b**3 - 7*b**2 - 6*b + 4. Let w be m(8). Suppose 0 = y - 0*y + w. Let n = -12 - y. What are the prime factors of n?
2
Let o(z) be the third derivative of z**4/24 - z**3/6 - 4*z**2. Let y(s) = 15*s**2 - 4*s + 6. Let j(r) = 5*o(r) + y(r). List the prime factors of j(-1).
3, 5
Let l(b) = -b + 1. Let d be l(1). Suppose d = -4*k + 8*k + 20. Let r(q) = -q - 3. What are the prime factors of r(k)?
2
Let o = -165 - -284. What are the prime factors of o?
7, 17
Let a(j) = j**2 + 5*j - 16. What are the prime factors of a(11)?
2, 5
Let o = 81 + -45. What are the prime factors of o?
2, 3
Let g(n) = -10*n**3 - 6*n**2 + 2*n - 5. What are the prime factors of g(-3)?
5, 41
Suppose -6 = -0*a - 2*a. Suppose 17 = a*u - 1. List the prime factors of u.
2, 3
Let t(p) = p**3 + 6*p**2 + 3*p - 1. Let x be 48/(-9) + 2/6. List the prime factors of t(x).
3
Let i(s) = -s**3 + 8*s**2 - 5*s - 1. What are the prime factors of i(7)?
13
Suppose -3*b + 3*c - 9 = -51, 5*b - 67 = 4*c. Let n be 12/(-66) - (-46)/b. Lis